 be j(-2). Suppose -5*y = -516 - a. What are the prime factors of y?
2, 7, 19
Suppose -21*m + 30 = -22*m. Let y be (-10)/(-15) - 212/(-6). Let r = m + y. What are the prime factors of r?
2, 3
Suppose -5*k = -4*n + 8197 - 19355, 0 = -n + 3. What are the prime factors of k?
2, 1117
Let y(p) = -3*p**2 - 9*p + 1088. List the prime factors of y(0).
2, 17
Suppose 3*p = 2*p - 3. What are the prime factors of (2 + -25)*(-8)/(p + 7)?
2, 23
Let c = -37 - -15. What are the prime factors of (c/5)/((96/330)/(-8))?
11
Let r = 106 - 54. Let n = 164 - r. List the prime factors of n.
2, 7
Let j(a) be the third derivative of -2719*a**6/120 + a**5/30 - a**3/6 - a**2. Let o be j(-1). What are the prime factors of 2/(-13) - o/(-104)?
2, 13
Suppose -3677 = -8*q - 181. List the prime factors of q.
19, 23
Suppose -38*y = -5*y - 30393. List the prime factors of y.
3, 307
What are the prime factors of ((-2761)/4)/(168/(-32) - -5)?
11, 251
Suppose -7 = -h - h + 3*q, h - 4 = 2*q. Suppose p = h*p - 69. List the prime factors of p.
3, 23
Let d = -25 - -24. What are the prime factors of (5/d - 0)*92/(-20)?
23
What are the prime factors of 1*2*7848/16?
3, 109
Suppose 396 = -8*j + 12*j. What are the prime factors of j?
3, 11
Let s(m) = -2*m**2 - 3*m - 4. Let d(v) = v + 8. Let y be d(-10). Let w be s(y). What are the prime factors of 10/(-30) - 188/w?
31
Suppose 2*f + 4*z - 132 = 0, -f + 3*z = 1 - 57. Let n = 118 - f. What are the prime factors of n?
2, 7
Suppose 5*i + 225 = g + 4*g, 4*i = -3*g + 163. Suppose -g = -2*n + 33. What are the prime factors of n?
41
Let d(p) = p**3 - 36*p**2 - 27*p - 75. What are the prime factors of d(37)?
5, 59
Let y(w) = 7*w**3 - 3*w**2 + 3*w - 3. Let h be y(2). Suppose -2*a + 2*l = 46, -36 + 15 = a - 2*l. Let c = h + a. What are the prime factors of c?
2, 11
Suppose -3*s + 12 = -4*a, 3*a = -2*s + 4*s - 8. Suppose s*w = 13 + 383. List the prime factors of w.
3, 11
Suppose 13 = 2*p - 11. Suppose -8*c = -p*c + 224. List the prime factors of c.
2, 7
Let x(b) = -b**3 - 6*b**2 - 4*b - 6. Let i be x(-5). Let y = -11 - i. Suppose y = -6*n + 60 + 180. What are the prime factors of n?
2, 5
Let u(c) = 3*c**2 + c - 44. List the prime factors of u(20).
2, 3, 7
Let f(g) = 804*g - 126. List the prime factors of f(2).
2, 3, 13, 19
Suppose -2*h + 179 + 11 = 0. Let j(u) = u**2 + 8*u + 9. Let i be j(-7). Suppose -3*z = i*z - h. What are the prime factors of z?
19
Let u = 23 + -19. Suppose -u*r - 43 = -5*r. Suppose -5*t = -2*z - 57, -3*t - z = -0*z - r. What are the prime factors of t?
13
Suppose 0*b - 4 = -2*b. Suppose b*s - 2*y - 68 = 0, 2*s - 52 = 4*y + 18. What are the prime factors of s?
3, 11
Suppose 3*b + 14*u - 1239 = 11*u, -3*u = 5*b - 2055. List the prime factors of b.
2, 3, 17
Let r(m) = 308*m + 7. What are the prime factors of r(1)?
3, 5, 7
Let x(k) = -10*k. Let w be x(-2). Suppose 2*p = -g + 7*p + w, -3*g = -3*p - 24. Suppose -g*z + 36 = -4*z. What are the prime factors of z?
2, 3
Let a = -968 - -1465. What are the prime factors of a?
7, 71
Let p(n) = 62*n**2 - 1. Let o be p(1). Let k = 126 - 89. Let h = o - k. What are the prime factors of h?
2, 3
Let g be 3 + (-8)/4 + 5. Let b(s) = 3*s**2 + 19*s + 6. What are the prime factors of b(g)?
2, 3, 19
Let x(i) be the third derivative of i**5/30 + 7*i**4/24 + i**3 + 32*i**2. List the prime factors of x(-11).
3, 19
Let s(w) = w**3 + 4*w**2 - 6*w. Let h(p) = -p**3 + p**2 + p - 10. Let n be h(0). Let r = 5 + n. What are the prime factors of s(r)?
5
Let x be (-6)/12*-9*(-2 - 0). What are the prime factors of (x/(-5))/(23/345)?
3
Let c(g) = -g**2 - 4*g - 5. Let p be c(-3). What are the prime factors of (-48)/(-3)*(4 + (0 - p))?
2, 3
Suppose 3*d + d - 612 = 0. Let v = d + -107. What are the prime factors of v?
2, 23
Suppose -3*s = -3*u + 321, 2*u + 0*u = 3*s + 215. Let o = -50 + u. List the prime factors of o.
2, 7
Let u = 80 + -198. Let s = u + 282. What are the prime factors of s?
2, 41
Suppose 0 = -15*f + 16*f - 504. What are the prime factors of f?
2, 3, 7
Let i = 1 - -2. Let l(v) = v - 2. Let h be l(i). What are the prime factors of (4 + (-7)/h)*-10?
2, 3, 5
Let o be ((-6)/(-12)*-10)/(0 + -1). Suppose 0 = -4*w, -468 = -4*s - o*w + 2*w. List the prime factors of s.
3, 13
Suppose -3*v + 855 = a, -4*v - 146 = 2*a - 1284. List the prime factors of v.
2, 11, 13
Suppose 0 = -2*n + 2*w + w + 4, 3*w = -2*n + 4. Suppose 2*h - 248 = -2*k, 2*k = -2*h - n*k + 246. List the prime factors of h.
5
Suppose -4*l + 16 = -0*l. Let i = l - -2. Suppose -3*m - z + i*z + 112 = 0, -49 = -m + 4*z. List the prime factors of m.
29
Let d = 23 - 18. Suppose 0 = -d*h + 17 + 1568. List the prime factors of h.
317
Let u(m) = -m**2 - 9*m + 1. Let p be u(-9). Let h = p - -81. List the prime factors of h.
2, 41
Let v(k) = 710*k**2 - 2*k - 3. What are the prime factors of v(-1)?
709
Let p(n) = -131*n - 2. Let d be p(-1). Let v be d/12 + (-4)/(-16). Let m = v - 8. What are the prime factors of m?
3
Suppose j + j = -3*i + 85, 0 = i + 1. Let k = j + 44. What are the prime factors of k?
2, 11
Let l(n) = 4*n - 12. Let r be l(4). Suppose 756 = r*s + 3*b, 0*s = 4*s - 4*b - 728. List the prime factors of s.
2, 3, 31
Suppose 0 = -13*l - 112 + 10317. What are the prime factors of l?
5, 157
Suppose -280*x + 9747 = -271*x. What are the prime factors of x?
3, 19
Let k be (-31 - (-2)/2 - 1)*-2. List the prime factors of (11 - 3)/(4/k).
2, 31
Let h = -20 + 20. Suppose h = 9*j - 247 - 266. What are the prime factors of j?
3, 19
Let c = 27 - 27. What are the prime factors of (-4 + 0)*(c - 124/8)?
2, 31
Let a(q) = -4*q**2 + 7*q - 13. Let h(p) = -19*p**2 + 35*p - 66. Let z(x) = -11*a(x) + 2*h(x). List the prime factors of z(-5).
2, 7
Let k = 204 + -152. List the prime factors of k.
2, 13
Let w(i) be the third derivative of -i**4/24 - 13*i**3/6 - 7*i**2. Let f be w(-12). What are the prime factors of 2/(-5)*(f + -94)?
2, 19
Suppose 0 = -11*u - 693 + 4697. What are the prime factors of u?
2, 7, 13
List the prime factors of (-41 + -1)*(-16)/72*3.
2, 7
Suppose 4*n + 12*s - 11*s = 1486, -2*n = -4*s - 752. What are the prime factors of n?
2, 3, 31
Let w = -1671 + 4958. List the prime factors of w.
19, 173
Let j(u) = -u - 3. Let f be j(-8). Suppose f*g - 5 = 0, -2*h - h = 3*g - 66. Suppose -h*z = -23*z + 30. List the prime factors of z.
3, 5
Let g(y) = 6*y**2 - 18*y - 31. What are the prime factors of g(10)?
389
Suppose 2*l + l = -2*b + 734, 2*b - 730 = -5*l. List the prime factors of b.
2, 5, 37
Let o = -656 + 1362. What are the prime factors of o?
2, 353
What are the prime factors of (-4 - -3)/(-5) - 28617/(-15)?
2, 3, 53
Let q be ((2 + -3)/(-1))/(1/(-2)). Let c(m) = 5*m**2 - 8*m - 11. What are the prime factors of c(q)?
5
Let d = 2 + -3. What are the prime factors of ((-141)/2)/3*2/d?
47
Let r(n) be the third derivative of n**6/120 + 3*n**5/20 + n**4/6 - 11*n**3/6 + 42*n**2. List the prime factors of r(-6).
73
Suppose -2*g - 39 = 107. Let v be (-14)/7 + g*1. List the prime factors of (2/(6/v))/(-1).
5
Suppose -3*z - z + 12 = 0. Suppose -9 = -5*l + 11, 3*a + l - 10 = 0. Suppose -o + 6 = w, -a*w = -4*w - z*o + 8. List the prime factors of w.
2, 5
What are the prime factors of 4326 + 0*(3 - 52/16)?
2, 3, 7, 103
Suppose 5*o - 3475 = -5*l, 4*o + 0*o + 1420 = 2*l. Suppose 5*u + 5*u = l. What are the prime factors of u?
2, 5, 7
Let o = 307 - 126. List the prime factors of o.
181
Let k(j) = 8*j**2 - 26*j + 113. List the prime factors of k(6).
5, 7
Let u(z) = 15*z**2 - 32*z - 107. List the prime factors of u(-5).
2, 107
Let s(o) = o**3 + 16*o**2 - 12*o - 34. What are the prime factors of s(-13)?
17, 37
Let r = 40 + -58. Let f be (2/3)/((-2)/r). Let d = 7 + f. List the prime factors of d.
13
Let c = -47 + 89. What are the prime factors of 18/c + 543/7?
2, 3, 13
Let t = 1 - 37. Let y = 68 + t. Let h = y - 27. List the prime factors of h.
5
Let r be (-6)/(-24) + 6537/12. Suppose -r = -5*x + 3*p, 2*x - 2*p - 219 = -p. What are the prime factors of x?
2, 7
Let u(p) = p**2 + 2*p + 4. Let z be 3/9 - 32/6. List the prime factors of u(z).
19
Let p = -13 - -5. Let q(l) = l**2 - 26*l - 20. Let y be q(25). What are the prime factors of p/10*y/6?
2, 3
Let s(i) = i**3 - 12*i**2 + i - 2. Let c be s(12). Suppose -3*m - 1 = -c. Let r(a) = -a**3 + 2*a**2 + 4*a - 1. What are the prime fact